 7?
True
Does 199 divide 95793?
False
Is 810 a multiple of 6?
True
Does 9 divide 153?
True
Is 4281 a multiple of 28?
False
Is 7 a factor of 1806?
True
Is 300 a multiple of 15?
True
Is 58 a factor of 6844?
True
Does 75 divide 1500?
True
Is 24 a factor of 244?
False
Is 320 a multiple of 10?
True
Does 16 divide 1056?
True
Is 711 a multiple of 9?
True
Is 41 a factor of 123?
True
Does 31 divide 3410?
True
Does 13 divide 14170?
True
Is 2421 a multiple of 24?
False
Is 189 a multiple of 21?
True
Is 37 a factor of 1108?
False
Is 28 a factor of 550?
False
Does 22 divide 880?
True
Is 40 a factor of 2520?
True
Is 78 a factor of 33907?
False
Is 13 a factor of 1053?
True
Is 66 a factor of 1448?
False
Is 6 a factor of 16308?
True
Is 14196 a multiple of 91?
True
Is 989 a multiple of 9?
False
Does 73 divide 8089?
False
Does 12 divide 1224?
True
Is 881 a multiple of 19?
False
Does 5 divide 1140?
True
Is 777 a multiple of 3?
True
Is 112 a factor of 8033?
False
Is 20 a factor of 1860?
True
Is 999 a multiple of 9?
True
Does 20 divide 2835?
False
Is 23 a factor of 506?
True
Does 69 divide 8569?
False
Does 47 divide 29094?
False
Is 722 a multiple of 38?
True
Does 31 divide 3534?
True
Is 139689 a multiple of 153?
True
Does 13 divide 26?
True
Is 98310 a multiple of 15?
True
Is 38 a factor of 33728?
False
Is 49 a factor of 962?
False
Is 2 a factor of 5201?
False
Does 78 divide 7410?
True
Does 253 divide 60720?
True
Does 9 divide 10488?
False
Does 20 divide 400?
True
Is 36630 a multiple of 90?
True
Is 62 a factor of 4541?
False
Does 21 divide 546?
True
Is 85 a factor of 211?
False
Is 18 a factor of 378?
True
Is 33 a factor of 231?
True
Is 282 a multiple of 79?
False
Is 21731 a multiple of 31?
True
Is 1806 a multiple of 86?
True
Is 7653 a multiple of 18?
False
Is 7639 a multiple of 12?
False
Is 694 a multiple of 10?
False
Is 19782 a multiple of 11?
False
Is 14 a factor of 216?
False
Does 9 divide 1143?
True
Is 8 a factor of 3836?
False
Does 49 divide 21663?
False
Is 9 a factor of 1233?
True
Is 93 a factor of 11026?
False
Is 295 a multiple of 2?
False
Is 7 a factor of 756?
True
Is 6 a factor of 3714?
True
Is 8486 a multiple of 28?
False
Does 59 divide 38586?
True
Is 20 a factor of 160?
True
Does 40 divide 80?
True
Is 122 a factor of 54900?
True
Is 18 a factor of 109?
False
Does 52 divide 1872?
True
Is 105062 a multiple of 24?
False
Is 111 a factor of 17649?
True
Is 3 a factor of 10049?
False
Does 17 divide 8357?
False
Is 14417 a multiple of 17?
False
Does 24 divide 336?
True
Does 30 divide 5550?
True
Is 49 a factor of 31883?
False
Does 3 divide 771?
True
Does 16 divide 27504?
True
Does 27 divide 2341?
False
Does 7 divide 111?
False
Does 12 divide 143?
False
Is 8 a factor of 15798?
False
Is 1484 a multiple of 132?
False
Does 12 divide 7005?
False
Does 13 divide 793?
True
Is 233 a factor of 50561?
True
Is 17 a factor of 1528?
False
Is 24 a factor of 47304?
True
Does 191 divide 6807?
False
Is 3418 a multiple of 13?
False
Is 130851 a multiple of 67?
True
Is 311 a factor of 27057?
True
Does 25 divide 388?
False
Is 17 a factor of 476?
True
Is 7 a factor of 14517?
False
Is 776 a multiple of 8?
True
Is 3914 a multiple of 6?
False
Is 9324 a multiple of 18?
True
Does 35 divide 2917?
False
Does 33 divide 96030?
True
Is 18 a factor of 648?
True
Does 12 divide 997?
False
Is 6285 a multiple of 24?
False
Does 43 divide 43?
True
Does 17 divide 392?
False
Is 262 a multiple of 21?
False
Is 19 a factor of 1729?
True
Is 61 a factor of 36327?
False
Does 3 divide 763?
False
Is 1592 a multiple of 46?
False
Is 119 a multiple of 7?
True
Does 22 divide 3894?
True
Is 20 a factor of 213?
False
Is 36 a factor of 14980?
False
Is 9 a factor of 820?
False
Is 18955 a multiple of 223?
True
Is 124417 a multiple of 164?
False
Is 35 a factor of 3605?
True
Does 9 divide 161?
False
Is 3423 a multiple of 7?
True
Does 32 divide 203?
False
Is 302 a multiple of 15?
False
Is 91 a factor of 95368?
True
Does 30 divide 7470?
True
Is 2880 a multiple of 80?
True
Is 46095 a multiple of 395?
False
Does 214 divide 35061?
False
Is 34 a factor of 782?
True
Is 10 a factor of 20?
True
Is 34 a factor of 9894?
True
Is 33 a factor of 132?
True
Does 33 divide 20988?
True
Does 64 divide 3648?
True
Does 14 divide 50680?
True
Does 6 divide 1122?
True
Is 58 a factor of 41644?
True
Does 19 divide 240?
False
Is 40 a factor of 2213?
False
Does 8 divide 3971?
False
Is 11 a factor of 6343?
False
Is 124 a factor of 37916?
False
Is 7 a factor of 63?
True
Is 111 a factor of 2300?
False
Is 47 a multiple of 23?
False
Does 124 divide 32612?
True
Does 30 divide 1311?
False
Is 4 a factor of 500?
True
Is 387 a factor of 14319?
True
Does 82 divide 17477?
False
Is 146 a multiple of 4?
False
Is 70 a multiple of 35?
True
Is 315 a multiple of 5?
True
Does 39 divide 4143?
False
Is 898 a multiple of 33?
False
Is 130 a multiple of 4?
False
Is 16 a factor of 1442?
False
Is 12 a factor of 11992?
False
Does 12 divide 876?
True
Does 44 divide 3300?
True
Is 30891 a multiple of 21?
True
Is 1204 a multiple of 4?
True
Does 53 divide 4294?
False
Does 13 divide 4589?
True
Does 8 divide 868?
False
Is 32 a factor of 5332?
False
Is 139 a multiple of 23?
False
Does 35 divide 2100?
True
Is 218 a multiple of 81?
False
Is 2651 a multiple of 30?
False
Is 238 a multiple of 25?
False
Is 11198 a multiple of 18?
False
Is 22 a factor of 1669?
False
Does 276 divide 27048?
True
Is 7 a factor of 17293?
False
Is 211 a factor of 13252?
False
Is 192 a factor of 64704?
True
Is 37 a factor of 22385?
True
Is 12441 a multiple of 9?
False
Is 136 a factor of 18750?
False
Is 19 a factor of 389?
False
Is 44 a factor of 4752?
True
Does 64 divide 2958?
False
Does 23 divide 17687?
True
Is 318 a multiple of 10?
False
Does 65 divide 14625?
True
Does 87 divide 957?
True
Is 7214 a multiple of 41?
False
Is 3225 a multiple of 12?
False
Is 402 a multiple of 201?
True
Does 122 divide 3782?
True
Is 15 a factor of 1095?
True
Is 291 a factor of 96063?
False
Is 42 a factor of 7406?
False
Does 33 divide 909?
False
Is 24 a factor of 341?
False
Is 44 a factor of 6118?
False
Is 63 a factor of 6363?
True
Is 72 even?
True
Is 36 a factor of 1518?
False
Is 566 a multiple of 6?
False
Is 1274 a multiple of 49?
True
Does 65 divide 547?
False
Is 24 a factor of 2334?
False
Is 172 a factor of 7568?
True
Is 1200 a multiple of 80?
True
Does 13 divide 40599?
True
Is 12567 a multiple of 25?
False
Does 4 divide 2634?
False
Is 336 a multiple of 44?
False
Does 5 divide 2359?
False
Does 14 divide 1125?
False
Is 15 a factor of 915?
True
Is 33168 a multiple of 50?
False
Is 6 a factor of 2966?
False
Is 31822 a multiple of 218?
False
Does 17 divide 11084?
True
Is 1595 a multiple of 5?
True
Is 35 a factor of 245?
True
Is 26 a factor of 11868?
False
Is 15 a factor of 10119?
False
Is 15 a factor of 28155?
True
Is 46 a factor of 1571?
False
Is 81739 a multiple of 79?
False
Does 7 divide 1173?
False
Does 3 divide 6312?
True
Is 22 a factor of 66?
True
Is 2193 even?
False
Is 23 a factor of 9522?
True
Is 8 a factor of 17285?
False
Is 21 a multiple of 4?
False
Does 173 divide 30448?
True
Does 67 divide 25058?
True
Is 3258 a multiple of 73?
False
Does 43 divide 3182?
True
Is 30 a factor of 49860?
True
Does 14 divide 1820?
True
Is 50 a multiple of 5?
True
Is 3181 a multiple of 16?
False
Does 32 divide 1030?
False
Is 6105 a multiple of 37?
True
Is 774 a multiple of 86?
True
Is 462 a multiple of 14?
True
Is 11 a factor of 807?
False
Is 276 a multiple of 17?
False
Does 16 divide 2624?
True
Does 26 divide 520?
True
Does 3 divide 74?
False
Is 10040 a multiple of 106?
False
Is 26 a factor of 3857?
False
Does 60 divide 57840?
True
Does 5 divide 4757?
False
Is 12 a factor of 38316?
True
Is 44 a factor of 116004?
False
Does 63 divide 10080?
True
Does 34 divide 8251?
False
Is 3 a factor of 443?
False
Does 117 divide 4095?
True
Is 187 a multiple of 17?
True
Is 14 a factor of 15638?
True
Is 20 a factor of 120?
True
Is 704 a multiple of 32?
True
Does 3 divide 6288?
True
Is 504 a multiple of 12?
True
Does 7 divide 770?
True
Does 56 divide 14448?
True
Is 22880 a multiple of 110?
True
Is 12274 a multiple of 34?
True
Is 48 a factor of 93346?
False
Is 44798 a multiple of 20?
False
Is 8 a factor of 2759?
False
Does 23 divide 5506?
False
Does 9 divide 981?
T